e the remainder when y is divided by (2025/162)/(10/16).
18
Let z = 6 + -2. Let f = -1529 - -1538. Calculate the remainder when f is divided by z.
1
Let n = -65 - -113. Calculate the remainder when 84 is divided by n.
36
Suppose 5*t - 223 = -3*s, -2*s + 0*t - t = -144. Let k = 712 - 688. Calculate the remainder when s is divided by k.
23
Let v = 310 + -268. What is the remainder when 146 is divided by v?
20
Suppose -5*r - 2*o = 85, -5*r + 14 = -6*r - o. Let m = 60 + r. What is the remainder when 79 is divided by m?
38
Let q = -9 - -21. What is the remainder when (-17)/(51/6)*(-21)/2 is divided by q?
9
Let w be (-29)/(-6) - (-16)/96. Suppose 255 = 5*p - 5*t, -179 = -4*p - 3*t + 46. Suppose -p = -a - w*a. What is the remainder when a is divided by 6?
3
Suppose 0 = 4*f + 17*f - 1491. What is the remainder when 494 is divided by f?
68
Let f(d) = 2*d**3 + 83*d**2 - 42*d + 35. What is the remainder when f(-42) is divided by 10?
5
Suppose -9 = -5*y - 39. Let u be -20*(1 - (-9)/y). Suppose i + i - u = 0. Calculate the remainder when 13 is divided by i.
3
Let n = 1641 - 1555. What is the remainder when 356 is divided by n?
12
Let m = 614 + -544. What is the remainder when m is divided by 43?
27
Let m be 2*2*2/4. Suppose 5*f + 5*q + 9 - 254 = 0, -2*f + 99 = 3*q. Suppose 5*c = m*c + f. What is the remainder when 45 is divided by c?
13
Suppose q = -3*q - 3*y - 59, 45 = -3*q - 2*y. Let l = q - -31. Calculate the remainder when 39 is divided by (-7 + l)*(1 + 1).
11
Let l be (-372)/2*(-2)/(-3). Calculate the remainder when 96 is divided by 2 - -2*l/(-8).
30
Suppose -g + 25 = -0*g + 5*r, 3*r = g - 9. Let s(v) = v**3 - 8*v**2 + 8*v - 10. Let z be s(6). Calculate the remainder when g is divided by z/(-5) - 8/10.
3
Let l(g) = 5*g + 1. What is the remainder when 98/(-4)*(-2)/1 is divided by l(5)?
23
Let s = 41 + -43. What is the remainder when s/(-16) + (-535)/(-8) is divided by 23?
21
Let h = -54 + 86. What is the remainder when h is divided by 6/(-4)*(-14 - -8)?
5
Let j = -14 + 14. Suppose -3*r + 0 + 6 = j. Suppose 0 = z + 5, 4*z - 21 = -r*v + 9. What is the remainder when 74 is divided by v?
24
Suppose 8 = -2*t, 3*x - 116 = t - 5*t. Calculate the remainder when 130 is divided by x.
42
Suppose 0 = -2*n + 20 - 6. Calculate the remainder when 48 is divided by n.
6
Let z(u) = 36*u + 2. Suppose 4*d + d - 115 = 0. What is the remainder when z(2) is divided by 1*(d + -2 + 4)?
24
Let n(p) = p**2 - 4*p + 2. Let z = -17 - -7. Let i be z/(-4)*70/25. Calculate the remainder when 43 is divided by n(i).
20
Calculate the remainder when 50 is divided by -9*(-2)/3 + 2.
2
Suppose -5*g + 5*v = -5, -g - 14 = -3*g + 5*v. Let n be g + 0 - -1 - 0. Calculate the remainder when (62 - (-4 - n)) + -3 is divided by 16.
13
Let z be (-18)/45 - (-231)/15. Suppose -7*s + 141 = z. Calculate the remainder when s is divided by 7.
4
Let x be ((4 - 0) + -6)*(-2 - -1). Calculate the remainder when x/1*((-3825)/10)/(-15) is divided by 9.
6
Suppose 0*c = -c + 7. Let x = 957 + -946. What is the remainder when x is divided by c?
4
Suppose -3*x = -170 + 155. Calculate the remainder when 247 is divided by x.
2
Let g = -23 - -20. Let u(h) = -4*h + 5. Calculate the remainder when 32 is divided by u(g).
15
Suppose -r + 0*r + 2 = 0. Suppose 5*j = z + r*z + 118, 0 = -4*j + 2*z + 94. Suppose -45*a = -47*a + 24. What is the remainder when j is divided by a?
11
Let c(n) = n**3 - 29*n**2 + 20. Calculate the remainder when c(29) is divided by 11.
9
Suppose -v - 5*q + 24 = -97, 0 = 3*v + 5*q - 403. Calculate the remainder when v is divided by 36.
33
Let z = -314 - -476. Let v(y) = 2*y**3 + 14*y**2 - 17*y + 33. What is the remainder when z is divided by v(-8)?
39
Suppose 37*l - 20*l - 3502 = 0. What is the remainder when l is divided by 53?
47
Let k = -209 - -243. Calculate the remainder when k is divided by 12.
10
Let o(m) = -2*m - 25. Let g be o(14). Let c = -23 - g. What is the remainder when c is divided by 17?
13
Suppose 19*j = 16*j - 75. Calculate the remainder when 12 + (-60)/j + (-9)/(-15) is divided by 8.
7
Let o = 129 - 166. Let v = o - -38. What is the remainder when 3 is divided by v?
0
Let q be (-3)/(-6)*11 + 1/2. What is the remainder when q*(-85)/(-15)*1 is divided by (9/2)/((-2)/(-4))?
7
Let s(v) = v + 18. Suppose 0 = -4*i + 16 - 8. What is the remainder when i - (3 + -6 - 3) is divided by s(-12)?
2
Let n be (1 + 86)*(-6)/(-9). Suppose 2*x - 118 = -n. Calculate the remainder when 52 is divided by x.
22
Suppose 3*w - 13 = -0*w + x, -x = -5. Let d be (-27)/12*(-8)/w. Suppose 54 = l + d. What is the remainder when l is divided by 27?
24
What is the remainder when (-173 + -1)/(1/(5 - 6)) is divided by 11?
9
Suppose 116 - 230 = -6*c. What is the remainder when 21 is divided by c?
2
Suppose -6*w + 75 = -w + 5*g, 2*w - 2*g - 22 = 0. Let y = w - 12. Calculate the remainder when 3 is divided by y.
0
Let q(o) = o**2 - 9*o. Let u be q(7). Let z be 192/14 + (-4)/u. Suppose x - 37 = -z. Calculate the remainder when x is divided by 8.
7
Let t(o) = -o + 1. Let k(b) = -4*b + 13. Let v(q) = -k(q) + 2*t(q). Suppose 3*c - 5 = 31. Calculate the remainder when v(c) is divided by 5.
3
Let y be 2/(-10) + -4 + (-42)/(-10). Suppose 2*r + 5*q = 169, -5*r + q + 650 - 214 = y. Calculate the remainder when r is divided by 18.
15
Suppose 2*r + 7 = 3*l - 3, 4*r + 3*l + 56 = 0. Let g(m) = -m**2 - 17*m + 8. Calculate the remainder when g(r) is divided by 19.
17
Suppose v - 7*o = -3*o - 8, -3*o = -12. Let l = v - 4. Suppose 2*n - l - 68 = 0. Calculate the remainder when n is divided by 10.
6
Suppose 0 = -5*f - 2*w + w + 1123, -4*w + 1117 = 5*f. Suppose 0*c - 2*x = -5*c + f, 0 = x - 5. What is the remainder when c is divided by 16?
15
Let f(p) = 5*p**2 - 36*p + 185. What is the remainder when f(6) is divided by 79?
70
Let x(q) = q - 1. Let s be x(3). Suppose -5*c + 8 = -7, s*c - 22 = -n. Calculate the remainder when n is divided by (1/3)/(11/198).
4
Calculate the remainder when (5 - (4 + -3))/((-8)/(-116)) is divided by 6.
4
Suppose 199 = 4*t - 373. What is the remainder when t is divided by 12?
11
Let o = -34 + 33. Let s = o - -19. Suppose -98 = -5*c - s. Calculate the remainder when 61 is divided by c.
13
Suppose 6*k - 9*k = -90. What is the remainder when 82 is divided by k?
22
Suppose 2*h + 3*j - 64 = 0, -h - j - 37 = -2*h. Suppose 9*g + 182 = 12*g + 5*c, -3*g = 3*c - 192. What is the remainder when g is divided by h?
34
Let z = 51 + -20. Let s = -50 + 56. Suppose s*h = 2*h + 44. What is the remainder when z is divided by h?
9
Let c be (15 - -2)/(0 + 1). Suppose -c + 4 = -n. Let r = 25 - n. What is the remainder when 47 is divided by r?
11
Let c = -1 + 10. What is the remainder when (-4)/16 + 554/8 is divided by 51*3/c - -1?
15
Suppose -89 = -2*u + 57. Calculate the remainder when u is divided by 23.
4
Let r(v) = -v**3 + 4*v**2 - 6. Let o be r(3). Let n = -1 + o. Suppose n*a - 15 = 3. Calculate the remainder when 15 is divided by a.
6
Let a(c) = -c**3 - 5*c**2 + 35*c + 10. Suppose y = 58 - 2. Calculate the remainder when y is divided by a(-9).
18
Let z(g) = -g**3 + 19*g**2 - 46*g - 17. Calculate the remainder when 586 is divided by z(15).
7
Suppose 0*d - 2*r = 5*d - 1244, -r + 1247 = 5*d. What is the remainder when d is divided by 7?
5
Let d be (9 - 3) + -2 - -2. What is the remainder when 79 is divided by (36/8)/1*d?
25
Let a(l) = 2*l**3 + 2*l**2 - 2*l + 4. Let d be a(5). Suppose 5*n - 81 = d. Let x = -1411 + 1430. Calculate the remainder when n is divided by x.
18
Let t(z) = -15*z + 1. Let q(c) be the first derivative of 10*c**2 + 5*c + 7. Calculate the remainder when q(2) is divided by t(-1).
13
Let n(m) = 7*m**2. Suppose 0 = -3*w - w + 4*s + 68, 2 = w + 2*s. What is the remainder when w is divided by n(1)?
5
What is the remainder when 202*((-9)/6 - -2) is divided by -3*200/(-15) + -6?
33
Let p = 22 + -15. Let z be p/(-35) + 16/5. Suppose 2*h = 4*h - 10, 0 = 2*k + z*h - 71. What is the remainder when 82 is divided by k?
26
Suppose 2*k + k = i + 48, 2*k - 2*i = 32. Suppose -3*z + 38 = 4*u - 70, 0 = -4*z + k. Calculate the remainder when 70 is divided by u.
22
Suppose 0 = 5*r - 22*r + 2108. What is the remainder when r is divided by 40?
4
Let u be -4*(45/(-20) - 0). Suppose u*r - 67 - 14 = 0. Let l(o) = o**2 - o + 24. What 